{"id":4392,"date":"2024-11-27T14:56:48","date_gmt":"2024-11-27T13:56:48","guid":{"rendered":"https:\/\/www.planen-streib.de\/web\/?post_type=product&#038;p=4392"},"modified":"2024-11-27T15:07:02","modified_gmt":"2024-11-27T14:07:02","slug":"halterung-fuer-rueckfahrkamera-3-teilig-fuer-volkswagen-crafter-und-man-tge-facelift","status":"publish","type":"product","link":"https:\/\/www.planen-streib.de\/web\/index.php\/produkt\/halterung-fuer-rueckfahrkamera-3-teilig-fuer-volkswagen-crafter-und-man-tge-facelift\/","title":{"rendered":"Halterung f\u00fcr R\u00fcckfahrkamera (4-teilig) f\u00fcr Volkswagen Crafter- und MAN TGE FACELIFT"},"content":{"rendered":"<p><strong>4-teilige R\u00fcckfahrkamera-Halterung aus Edelstahl, einschl. Befestigungsmaterial.<\/strong><\/p>\n<p>Passend f\u00fcr alle Volkswagen Crafter und MAN TGE Pritschenwagen und Fahrgestelle <strong>mit Produktionsdatum ab 07\/2024<\/strong><br \/>\n<strong>und der werkseitigen Vorbereitung &#8222;KA8 &#8211; Vorbereitung R\u00fcckfahrkamera inkl. R\u00fcckfahrkamera als Beipack&#8220;<\/strong><\/p>\n<p>Bestehend aus Drehplatte, Kamera-Einbaugeh\u00e4use, Grundplatte und Gegenplatte f\u00fcr Montage am Abschlussquertr\u00e4ger.<strong><br \/>\n<\/strong>Der Halter ist um 90\u00b0 schwenkbar und eignet sich perfekt zum Anbau unter Pritschen und Kipper oder an Planen-, Koffer-, und Sonderaufbauten.<\/p>\n<p>Es handelt sich lediglich um das Geh\u00e4use <strong>ohne Kamera<\/strong>.<br \/>\nF\u00fcr den korrekten, gesetzeskonformen Anbau ist der Monteur verantwortlich.<\/p>\n<p><span style=\"color: #ff0000;\"><strong>Bei Abnahmemenge 5 St\u00fcck und 10 St\u00fcck Staffelpreise.<br \/>\nBei 5 St. Preis pro St\u00fcck netto\u00a0 \u20ac\u00a0 50,&#8211;<br \/>\nBei 10 St. Preis pro St\u00fcck netto\u00a0 \u20ac\u00a0 44,&#8211;<br \/>\n<\/strong><\/span><\/p>\n","protected":false},"excerpt":{"rendered":"<p>4-teilige R\u00fcckfahrkamera-Halterung aus Edelstahl, einschl. Befestigungsmaterial. Passend f\u00fcr alle Volkswagen Crafter und MAN TGE Pritschenwagen und Fahrgestelle mit Produktionsdatum ab 07\/2024 und der werkseitigen Vorbereitung &#8222;KA8 &#8211; Vorbereitung R\u00fcckfahrkamera inkl. R\u00fcckfahrkamera als Beipack&#8220; Bestehend aus Drehplatte, Kamera-Einbaugeh\u00e4use, Grundplatte und Gegenplatte f\u00fcr Montage am Abschlussquertr\u00e4ger. Der Halter ist um 90\u00b0 schwenkbar und eignet sich perfekt zum [&hellip;]<\/p>\n","protected":false},"featured_media":4320,"template":"","meta":[],"product_brand":[],"product_cat":[18],"product_tag":[],"class_list":{"0":"post-4392","1":"product","2":"type-product","3":"status-publish","4":"has-post-thumbnail","6":"product_cat-ersatzteile","8":"entry","9":"has-media","11":"first","12":"instock","13":"taxable","14":"shipping-taxable","15":"purchasable","16":"product-type-simple","17":"has-product-nav","18":"col","19":"span_1_of_3","20":"owp-content-center","21":"owp-thumbs-layout-horizontal","22":"owp-btn-normal","23":"owp-tabs-layout-horizontal"},"_links":{"self":[{"href":"https:\/\/www.planen-streib.de\/web\/index.php\/wp-json\/wp\/v2\/product\/4392","targetHints":{"allow":["GET"]}}],"collection":[{"href":"https:\/\/www.planen-streib.de\/web\/index.php\/wp-json\/wp\/v2\/product"}],"about":[{"href":"https:\/\/www.planen-streib.de\/web\/index.php\/wp-json\/wp\/v2\/types\/product"}],"wp:featuredmedia":[{"embeddable":true,"href":"https:\/\/www.planen-streib.de\/web\/index.php\/wp-json\/wp\/v2\/media\/4320"}],"wp:attachment":[{"href":"https:\/\/www.planen-streib.de\/web\/index.php\/wp-json\/wp\/v2\/media?parent=4392"}],"wp:term":[{"taxonomy":"product_brand","embeddable":true,"href":"https:\/\/www.planen-streib.de\/web\/index.php\/wp-json\/wp\/v2\/product_brand?post=4392"},{"taxonomy":"product_cat","embeddable":true,"href":"https:\/\/www.planen-streib.de\/web\/index.php\/wp-json\/wp\/v2\/product_cat?post=4392"},{"taxonomy":"product_tag","embeddable":true,"href":"https:\/\/www.planen-streib.de\/web\/index.php\/wp-json\/wp\/v2\/product_tag?post=4392"}],"curies":[{"name":"wp","href":"https:\/\/api.w.org\/{rel}","templated":true}]}}

Halterung für Rückfahrkamera (4-teilig) für Volkswagen Crafter- und MAN TGE FACELIFT

<p><strong>4-teilige Rückfahrkamera-Halterung aus Edelstahl, einschl. Befestigungsmaterial.</strong></p>
<p>Passend für alle Volkswagen Crafter und MAN TGE Pritschenwagen und Fahrgestelle <strong>mit Produktionsdatum ab 07/2024</strong><br />
<strong>und der werkseitigen Vorbereitung &#8222;KA8 &#8211; Vorbereitung Rückfahrkamera inkl. Rückfahrkamera als Beipack&#8220;</strong></p>
<p>Bestehend aus Drehplatte, Kamera-Einbaugehäuse, Grundplatte und Gegenplatte für Montage am Abschlussquerträger.<strong><br />
</strong>Der Halter ist um 90° schwenkbar und eignet sich perfekt zum Anbau unter Pritschen und Kipper oder an Planen-, Koffer-, und Sonderaufbauten.</p>
<p>Es handelt sich lediglich um das Gehäuse <strong>ohne Kamera</strong>.<br />
Für den korrekten, gesetzeskonformen Anbau ist der Monteur verantwortlich.</p>
<p><span style="color: #ff0000;"><strong>Bei Abnahmemenge 5 Stück und 10 Stück Staffelpreise.<br />
Bei 5 St. Preis pro Stück netto  €  50,&#8211;<br />
Bei 10 St. Preis pro Stück netto  €  44,&#8211;<br />
</strong></span></p>

<p>4-teilige Rückfahrkamera-Halterung aus Edelstahl, einschl. Befestigungsmaterial. Passend für alle Volkswagen Crafter und MAN TGE Pritschenwagen und Fahrgestelle mit Produktionsdatum ab 07/2024 und der werkseitigen Vorbereitung &#8222;KA8 &#8211; Vorbereitung Rückfahrkamera inkl. Rückfahrkamera als Beipack&#8220; Bestehend aus Drehplatte, Kamera-Einbaugehäuse, Grundplatte und Gegenplatte für Montage am Abschlussquerträger. Der Halter ist um 90° schwenkbar und eignet sich perfekt zum [&hellip;]</p>
