{"id":233,"date":"2023-09-02T12:59:08","date_gmt":"2023-09-02T10:59:08","guid":{"rendered":"https:\/\/www.planen-streib.com\/web\/?page_id=233"},"modified":"2023-11-06T10:32:01","modified_gmt":"2023-11-06T09:32:01","slug":"ueber-uns","status":"publish","type":"page","link":"https:\/\/www.planen-streib.de\/web\/index.php\/ueber-uns\/","title":{"rendered":"\u00dcber uns"},"content":{"rendered":"\t\t<div data-elementor-type=\"wp-page\" data-elementor-id=\"233\" class=\"elementor elementor-233\" data-elementor-post-type=\"page\">\n\t\t\t\t\t\t<section class=\"elementor-section elementor-top-section elementor-element elementor-element-04cfd46 elementor-section-boxed elementor-section-height-default elementor-section-height-default\" data-id=\"04cfd46\" data-element_type=\"section\" data-e-type=\"section\">\n\t\t\t\t\t\t<div class=\"elementor-container elementor-column-gap-default\">\n\t\t\t\t\t<div class=\"elementor-column elementor-col-100 elementor-top-column elementor-element elementor-element-791ec65\" data-id=\"791ec65\" data-element_type=\"column\" data-e-type=\"column\">\n\t\t\t<div class=\"elementor-widget-wrap elementor-element-populated\">\n\t\t\t\t\t\t<div class=\"elementor-element elementor-element-2141601 elementor-widget elementor-widget-heading\" data-id=\"2141601\" data-element_type=\"widget\" data-e-type=\"widget\" data-widget_type=\"heading.default\">\n\t\t\t\t<div class=\"elementor-widget-container\">\n\t\t\t\t\t<h2 class=\"elementor-heading-title elementor-size-default\">\u00dcber uns<\/h2>\t\t\t\t<\/div>\n\t\t\t\t<\/div>\n\t\t\t\t\t<\/div>\n\t\t<\/div>\n\t\t\t\t\t<\/div>\n\t\t<\/section>\n\t\t\t\t<section class=\"elementor-section elementor-top-section elementor-element elementor-element-62eecba elementor-section-boxed elementor-section-height-default elementor-section-height-default\" data-id=\"62eecba\" data-element_type=\"section\" data-e-type=\"section\">\n\t\t\t\t\t\t<div class=\"elementor-container elementor-column-gap-default\">\n\t\t\t\t\t<div class=\"elementor-column elementor-col-100 elementor-top-column elementor-element elementor-element-b5f3e3e\" data-id=\"b5f3e3e\" data-element_type=\"column\" data-e-type=\"column\">\n\t\t\t<div class=\"elementor-widget-wrap elementor-element-populated\">\n\t\t\t\t\t\t<div class=\"elementor-element elementor-element-8d55db2 elementor-widget elementor-widget-text-editor\" data-id=\"8d55db2\" data-element_type=\"widget\" data-e-type=\"widget\" data-widget_type=\"text-editor.default\">\n\t\t\t\t<div class=\"elementor-widget-container\">\n\t\t\t\t\t\t\t\t\t<p>Im Oktober 1992 von Udo Streib gegr\u00fcndet, beliefern wir unsere Kunden seit fast 30 Jahren mit Transporteraufbauten und individuellen Planen. Anfangs spezialisiert auf Planenaufbauten und Leitertr\u00e4ger f\u00fcr Werkspritschen, erfolgte im Jahre 2015 zus\u00e4tzlich die Fertigung und der Vertrieb von feuerverzinkten Pritschen und Aluminium-Pritschen. Seit 2019 z\u00e4hlen auch Aluminium 3-Seiten-Kipper und Kofferaufbauten dazu. Ebenfalls zu unserem Produktportfolio z\u00e4hlen die Produktion von LKW-Planen, Anh\u00e4ngerplanen, Zeltplanen, Abdeckplanen, Werbeplanen, Planen-Reparaturen, Schiebevorh\u00e4nge zum Abtrennen von R\u00e4umen, Sonderkonstruktionen, Planenbeschriftungen, Dachspoiler, Stauboxen und zahlreiches Zubeh\u00f6r f\u00fcr Pritschenfahrzeuge.<\/p><p>Bis 2001 befand sich unser Firmensitz in Schwaigern, im Januar 2002<br \/>erfolgte der Umzug in unseren neuen Firmensitz nach Leingarten bei<br \/>Heilbronn. Aufgrund der stark wachsenden Nachfrage nach unseren<br \/>Aufbauten erfolgte im September 2018 die Erweiterung mit einer<br \/>zus\u00e4tzlichen Produktions- und Montagehalle.<\/p><p>Heute f\u00fchren die S\u00f6hne von Udo Streib, Sascha und Marcel Streib, den Betrieb in zweiter Generation.<\/p>\t\t\t\t\t\t\t\t<\/div>\n\t\t\t\t<\/div>\n\t\t\t\t\t<\/div>\n\t\t<\/div>\n\t\t\t\t\t<\/div>\n\t\t<\/section>\n\t\t\t\t<section class=\"elementor-section elementor-top-section elementor-element elementor-element-a936d5e elementor-section-boxed elementor-section-height-default elementor-section-height-default\" data-id=\"a936d5e\" data-element_type=\"section\" data-e-type=\"section\">\n\t\t\t\t\t\t<div class=\"elementor-container elementor-column-gap-wide\">\n\t\t\t\t\t<div class=\"elementor-column elementor-col-100 elementor-top-column elementor-element elementor-element-f609cbc\" data-id=\"f609cbc\" data-element_type=\"column\" data-e-type=\"column\">\n\t\t\t<div class=\"elementor-widget-wrap elementor-element-populated\">\n\t\t\t\t\t\t<div class=\"elementor-element elementor-element-6b7f666 elementor-widget elementor-widget-image\" data-id=\"6b7f666\" data-element_type=\"widget\" data-e-type=\"widget\" data-widget_type=\"image.default\">\n\t\t\t\t<div class=\"elementor-widget-container\">\n\t\t\t\t\t\t\t\t\t\t\t\t\t\t\t<img fetchpriority=\"high\" decoding=\"async\" width=\"940\" height=\"529\" src=\"https:\/\/www.planen-streib.de\/web\/wp-content\/uploads\/2023\/09\/large_6384a18540d0c74c0f522130_86a52cf094243652f1865013f2b41a029c71087d1a5bdc070f93c734330f2602_6384a1f8.jpeg\" class=\"attachment-large size-large wp-image-374\" alt=\"\" srcset=\"https:\/\/www.planen-streib.de\/web\/wp-content\/uploads\/2023\/09\/large_6384a18540d0c74c0f522130_86a52cf094243652f1865013f2b41a029c71087d1a5bdc070f93c734330f2602_6384a1f8.jpeg 940w, https:\/\/www.planen-streib.de\/web\/wp-content\/uploads\/2023\/09\/large_6384a18540d0c74c0f522130_86a52cf094243652f1865013f2b41a029c71087d1a5bdc070f93c734330f2602_6384a1f8-300x169.jpeg 300w, https:\/\/www.planen-streib.de\/web\/wp-content\/uploads\/2023\/09\/large_6384a18540d0c74c0f522130_86a52cf094243652f1865013f2b41a029c71087d1a5bdc070f93c734330f2602_6384a1f8-768x432.jpeg 768w, https:\/\/www.planen-streib.de\/web\/wp-content\/uploads\/2023\/09\/large_6384a18540d0c74c0f522130_86a52cf094243652f1865013f2b41a029c71087d1a5bdc070f93c734330f2602_6384a1f8-800x450.jpeg 800w, https:\/\/www.planen-streib.de\/web\/wp-content\/uploads\/2023\/09\/large_6384a18540d0c74c0f522130_86a52cf094243652f1865013f2b41a029c71087d1a5bdc070f93c734330f2602_6384a1f8-600x338.jpeg 600w\" sizes=\"(max-width: 940px) 100vw, 940px\" \/>\t\t\t\t\t\t\t\t\t\t\t\t\t\t\t<\/div>\n\t\t\t\t<\/div>\n\t\t\t\t<div class=\"elementor-element elementor-element-c62effb elementor-widget elementor-widget-text-editor\" data-id=\"c62effb\" data-element_type=\"widget\" data-e-type=\"widget\" data-widget_type=\"text-editor.default\">\n\t\t\t\t<div class=\"elementor-widget-container\">\n\t\t\t\t\t\t\t\t\t<p>Wir sind ein seit 1999 zertifiziertes Unternehmen mit der Fachkompetenz der Planenaufbauten f\u00fcr Transporter und LKWs. Durch die enge Zusammenarbeit mit namhaften Fahrzeugherstellern besitzen wir zahlreiche Zertifizierungen und Unbedenklichkeitsbescheinigungen f\u00fcr unsere Aufbauten.<\/p><ul><li>PremiumPartner von Volkswagen Nutzfahrzeuge<\/li><li>VanPartner von Mercedes-Benz<\/li><li>Qualified Vehicle Modifier von Ford<\/li><li>Umbaupartner von Fiat Professional<\/li><li>\u00a0Zertifizierter Partner von Opel<\/li><\/ul><p>\u00a0<\/p>\t\t\t\t\t\t\t\t<\/div>\n\t\t\t\t<\/div>\n\t\t\t\t\t<\/div>\n\t\t<\/div>\n\t\t\t\t\t<\/div>\n\t\t<\/section>\n\t\t\t\t<section class=\"elementor-section elementor-top-section elementor-element elementor-element-750e2ab elementor-section-boxed elementor-section-height-default elementor-section-height-default\" data-id=\"750e2ab\" data-element_type=\"section\" data-e-type=\"section\">\n\t\t\t\t\t\t<div class=\"elementor-container elementor-column-gap-default\">\n\t\t\t\t\t<div class=\"elementor-column elementor-col-100 elementor-top-column elementor-element elementor-element-837e3e5\" data-id=\"837e3e5\" data-element_type=\"column\" data-e-type=\"column\">\n\t\t\t<div class=\"elementor-widget-wrap elementor-element-populated\">\n\t\t\t\t\t\t<div class=\"elementor-element elementor-element-bcd7342 elementor-widget-divider--view-line elementor-widget elementor-widget-divider\" data-id=\"bcd7342\" data-element_type=\"widget\" data-e-type=\"widget\" data-widget_type=\"divider.default\">\n\t\t\t\t<div class=\"elementor-widget-container\">\n\t\t\t\t\t\t\t<div class=\"elementor-divider\">\n\t\t\t<span class=\"elementor-divider-separator\">\n\t\t\t\t\t\t<\/span>\n\t\t<\/div>\n\t\t\t\t\t\t<\/div>\n\t\t\t\t<\/div>\n\t\t\t\t\t<\/div>\n\t\t<\/div>\n\t\t\t\t\t<\/div>\n\t\t<\/section>\n\t\t\t\t<section class=\"elementor-section elementor-top-section elementor-element elementor-element-cde2a22 elementor-section-boxed elementor-section-height-default elementor-section-height-default\" data-id=\"cde2a22\" data-element_type=\"section\" data-e-type=\"section\">\n\t\t\t\t\t\t<div class=\"elementor-container elementor-column-gap-default\">\n\t\t\t\t\t<div class=\"elementor-column elementor-col-100 elementor-top-column elementor-element elementor-element-b7f3fd0\" data-id=\"b7f3fd0\" data-element_type=\"column\" data-e-type=\"column\">\n\t\t\t<div class=\"elementor-widget-wrap elementor-element-populated\">\n\t\t\t\t\t\t<div class=\"elementor-element elementor-element-1152ff7 elementor-widget elementor-widget-heading\" data-id=\"1152ff7\" data-element_type=\"widget\" data-e-type=\"widget\" data-widget_type=\"heading.default\">\n\t\t\t\t<div class=\"elementor-widget-container\">\n\t\t\t\t\t<h2 class=\"elementor-heading-title elementor-size-default\">Kurzportrait<\/h2>\t\t\t\t<\/div>\n\t\t\t\t<\/div>\n\t\t\t\t\t<\/div>\n\t\t<\/div>\n\t\t\t\t\t<\/div>\n\t\t<\/section>\n\t\t\t\t<section class=\"elementor-section elementor-top-section elementor-element elementor-element-74f647b elementor-section-boxed elementor-section-height-default elementor-section-height-default\" data-id=\"74f647b\" data-element_type=\"section\" data-e-type=\"section\">\n\t\t\t\t\t\t<div class=\"elementor-container elementor-column-gap-default\">\n\t\t\t\t\t<div class=\"elementor-column elementor-col-100 elementor-top-column elementor-element elementor-element-51f6da4\" data-id=\"51f6da4\" data-element_type=\"column\" data-e-type=\"column\">\n\t\t\t<div class=\"elementor-widget-wrap elementor-element-populated\">\n\t\t\t\t\t\t<div class=\"elementor-element elementor-element-463b1a2 elementor-widget elementor-widget-text-editor\" data-id=\"463b1a2\" data-element_type=\"widget\" data-e-type=\"widget\" data-widget_type=\"text-editor.default\">\n\t\t\t\t<div class=\"elementor-widget-container\">\n\t\t\t\t\t\t\t\t\t<ul><li>1992 Firmengr\u00fcndung durch Udo Streib<\/li><li>1999 Einf\u00fchrung der DIN EN ISO 9001<\/li><li>2002 Umzug zum heutigen Firmensitz in Leingarten<\/li><li>2003 Eintritt von Sascha Streib in das Unternehmen<\/li><li>2010 Eintritt von Marcel Streib in das Unternehmen<\/li><li>2018 Erweiterung zus\u00e4tzliche Produktions- \/ Montagehalle<\/li><li>2021 \u00dcbergabe der Gesch\u00e4ftsf\u00fchrung an Sascha und Marcel Streib<\/li><\/ul>\t\t\t\t\t\t\t\t<\/div>\n\t\t\t\t<\/div>\n\t\t\t\t\t<\/div>\n\t\t<\/div>\n\t\t\t\t\t<\/div>\n\t\t<\/section>\n\t\t\t\t<\/div>\n\t\t","protected":false},"excerpt":{"rendered":"<p>\u00dcber uns Im Oktober 1992 von Udo Streib gegr\u00fcndet, beliefern wir unsere Kunden seit fast 30 Jahren mit Transporteraufbauten und individuellen Planen. Anfangs spezialisiert auf Planenaufbauten und Leitertr\u00e4ger f\u00fcr Werkspritschen, erfolgte im Jahre 2015 zus\u00e4tzlich die Fertigung und der Vertrieb von feuerverzinkten Pritschen und Aluminium-Pritschen. Seit 2019 z\u00e4hlen auch Aluminium 3-Seiten-Kipper und Kofferaufbauten dazu. Ebenfalls [&hellip;]<\/p>\n","protected":false},"author":1,"featured_media":0,"parent":0,"menu_order":0,"comment_status":"closed","ping_status":"closed","template":"elementor_header_footer","meta":{"footnotes":""},"class_list":["post-233","page","type-page","status-publish","hentry","entry","owp-thumbs-layout-horizontal","owp-btn-normal","owp-tabs-layout-horizontal","has-no-thumbnails","has-product-nav"],"_links":{"self":[{"href":"https:\/\/www.planen-streib.de\/web\/index.php\/wp-json\/wp\/v2\/pages\/233","targetHints":{"allow":["GET"]}}],"collection":[{"href":"https:\/\/www.planen-streib.de\/web\/index.php\/wp-json\/wp\/v2\/pages"}],"about":[{"href":"https:\/\/www.planen-streib.de\/web\/index.php\/wp-json\/wp\/v2\/types\/page"}],"author":[{"embeddable":true,"href":"https:\/\/www.planen-streib.de\/web\/index.php\/wp-json\/wp\/v2\/users\/1"}],"replies":[{"embeddable":true,"href":"https:\/\/www.planen-streib.de\/web\/index.php\/wp-json\/wp\/v2\/comments?post=233"}],"version-history":[{"count":47,"href":"https:\/\/www.planen-streib.de\/web\/index.php\/wp-json\/wp\/v2\/pages\/233\/revisions"}],"predecessor-version":[{"id":1254,"href":"https:\/\/www.planen-streib.de\/web\/index.php\/wp-json\/wp\/v2\/pages\/233\/revisions\/1254"}],"wp:attachment":[{"href":"https:\/\/www.planen-streib.de\/web\/index.php\/wp-json\/wp\/v2\/media?parent=233"}],"curies":[{"name":"wp","href":"https:\/\/api.w.org\/{rel}","templated":true}]}}