{"id":1377,"date":"2023-11-06T13:03:41","date_gmt":"2023-11-06T12:03:41","guid":{"rendered":"https:\/\/www.planen-streib.com\/web\/?page_id=1377"},"modified":"2025-08-27T14:41:47","modified_gmt":"2025-08-27T12:41:47","slug":"master-planenaufbau","status":"publish","type":"page","link":"https:\/\/www.planen-streib.de\/web\/index.php\/produktportfolio\/transporter-planenaufbauten\/master-planenaufbau\/","title":{"rendered":"Master Planenaufbau"},"content":{"rendered":"\t\t<div data-elementor-type=\"wp-page\" data-elementor-id=\"1377\" class=\"elementor elementor-1377\" data-elementor-post-type=\"page\">\n\t\t\t\t\t\t<section class=\"elementor-section elementor-top-section elementor-element elementor-element-370d75c elementor-section-boxed elementor-section-height-default elementor-section-height-default\" data-id=\"370d75c\" data-element_type=\"section\" data-e-type=\"section\">\n\t\t\t\t\t\t<div class=\"elementor-container elementor-column-gap-default\">\n\t\t\t\t\t<div class=\"elementor-column elementor-col-100 elementor-top-column elementor-element elementor-element-cd9689a\" data-id=\"cd9689a\" data-element_type=\"column\" data-e-type=\"column\">\n\t\t\t<div class=\"elementor-widget-wrap elementor-element-populated\">\n\t\t\t\t\t\t<div class=\"elementor-element elementor-element-bd50587 elementor-widget elementor-widget-heading\" data-id=\"bd50587\" data-element_type=\"widget\" data-e-type=\"widget\" data-widget_type=\"heading.default\">\n\t\t\t\t<div class=\"elementor-widget-container\">\n\t\t\t\t\t<h1 class=\"elementor-heading-title elementor-size-xl\">Unsere Planenaufbauten<\/h1>\t\t\t\t<\/div>\n\t\t\t\t<\/div>\n\t\t\t\t\t<\/div>\n\t\t<\/div>\n\t\t\t\t\t<\/div>\n\t\t<\/section>\n\t\t\t\t<section class=\"elementor-section elementor-top-section elementor-element elementor-element-912c66c elementor-section-boxed elementor-section-height-default elementor-section-height-default\" data-id=\"912c66c\" data-element_type=\"section\" data-e-type=\"section\">\n\t\t\t\t\t\t<div class=\"elementor-container elementor-column-gap-default\">\n\t\t\t\t\t<div class=\"elementor-column elementor-col-100 elementor-top-column elementor-element elementor-element-ea089b8\" data-id=\"ea089b8\" data-element_type=\"column\" data-e-type=\"column\">\n\t\t\t<div class=\"elementor-widget-wrap elementor-element-populated\">\n\t\t\t\t\t\t<div class=\"elementor-element elementor-element-2ca8ada elementor-widget elementor-widget-heading\" data-id=\"2ca8ada\" data-element_type=\"widget\" data-e-type=\"widget\" data-widget_type=\"heading.default\">\n\t\t\t\t<div class=\"elementor-widget-container\">\n\t\t\t\t\t<h1 class=\"elementor-heading-title elementor-size-default\">f\u00fcr den Renault Master Pritschenwagen<\/h1>\t\t\t\t<\/div>\n\t\t\t\t<\/div>\n\t\t\t\t<div class=\"elementor-element elementor-element-2fe8121 elementor-widget elementor-widget-spacer\" data-id=\"2fe8121\" data-element_type=\"widget\" data-e-type=\"widget\" data-widget_type=\"spacer.default\">\n\t\t\t\t<div class=\"elementor-widget-container\">\n\t\t\t\t\t\t\t<div class=\"elementor-spacer\">\n\t\t\t<div class=\"elementor-spacer-inner\"><\/div>\n\t\t<\/div>\n\t\t\t\t\t\t<\/div>\n\t\t\t\t<\/div>\n\t\t\t\t\t<\/div>\n\t\t<\/div>\n\t\t\t\t\t<\/div>\n\t\t<\/section>\n\t\t\t\t<section class=\"elementor-section elementor-top-section elementor-element elementor-element-7659609 elementor-section-boxed elementor-section-height-default elementor-section-height-default\" data-id=\"7659609\" data-element_type=\"section\" data-e-type=\"section\">\n\t\t\t\t\t\t<div class=\"elementor-container elementor-column-gap-default\">\n\t\t\t\t\t<div class=\"elementor-column elementor-col-50 elementor-top-column elementor-element elementor-element-e766437\" data-id=\"e766437\" data-element_type=\"column\" data-e-type=\"column\">\n\t\t\t<div class=\"elementor-widget-wrap elementor-element-populated\">\n\t\t\t\t\t\t<div class=\"elementor-element elementor-element-5faf1b9 elementor-widget elementor-widget-image\" data-id=\"5faf1b9\" data-element_type=\"widget\" data-e-type=\"widget\" data-widget_type=\"image.default\">\n\t\t\t\t<div class=\"elementor-widget-container\">\n\t\t\t\t\t\t\t\t\t\t\t\t\t\t\t\t<a href=\"https:\/\/www.planen-streib.de\/web\/wp-content\/uploads\/2025\/08\/111111.jpg\" data-elementor-open-lightbox=\"yes\" data-e-action-hash=\"#elementor-action%3Aaction%3Dlightbox%26settings%3DeyJpZCI6NDc3NiwidXJsIjoiaHR0cHM6XC9cL3d3dy5wbGFuZW4tc3RyZWliLmRlXC93ZWJcL3dwLWNvbnRlbnRcL3VwbG9hZHNcLzIwMjVcLzA4XC8xMTExMTEuanBnIn0%3D\">\n\t\t\t\t\t\t\t<img fetchpriority=\"high\" decoding=\"async\" width=\"1024\" height=\"493\" src=\"https:\/\/www.planen-streib.de\/web\/wp-content\/uploads\/2025\/08\/111111-1024x493.jpg\" class=\"attachment-large size-large wp-image-4776\" alt=\"\" srcset=\"https:\/\/www.planen-streib.de\/web\/wp-content\/uploads\/2025\/08\/111111-1024x493.jpg 1024w, https:\/\/www.planen-streib.de\/web\/wp-content\/uploads\/2025\/08\/111111-300x144.jpg 300w, https:\/\/www.planen-streib.de\/web\/wp-content\/uploads\/2025\/08\/111111-768x370.jpg 768w, https:\/\/www.planen-streib.de\/web\/wp-content\/uploads\/2025\/08\/111111-600x289.jpg 600w, https:\/\/www.planen-streib.de\/web\/wp-content\/uploads\/2025\/08\/111111.jpg 1244w\" sizes=\"(max-width: 1024px) 100vw, 1024px\" \/>\t\t\t\t\t\t\t\t<\/a>\n\t\t\t\t\t\t\t\t\t\t\t\t\t\t\t<\/div>\n\t\t\t\t<\/div>\n\t\t\t\t\t<\/div>\n\t\t<\/div>\n\t\t\t\t<div class=\"elementor-column elementor-col-50 elementor-top-column elementor-element elementor-element-f5f6b69\" data-id=\"f5f6b69\" data-element_type=\"column\" data-e-type=\"column\">\n\t\t\t<div class=\"elementor-widget-wrap elementor-element-populated\">\n\t\t\t\t\t\t<div class=\"elementor-element elementor-element-3fc0a73 elementor-widget elementor-widget-image\" data-id=\"3fc0a73\" data-element_type=\"widget\" data-e-type=\"widget\" data-widget_type=\"image.default\">\n\t\t\t\t<div class=\"elementor-widget-container\">\n\t\t\t\t\t\t\t\t\t\t\t\t\t\t\t\t<a href=\"https:\/\/www.planen-streib.de\/web\/wp-content\/uploads\/2025\/08\/222222-1.jpg\" data-elementor-open-lightbox=\"yes\" data-e-action-hash=\"#elementor-action%3Aaction%3Dlightbox%26settings%3DeyJpZCI6NDc3OCwidXJsIjoiaHR0cHM6XC9cL3d3dy5wbGFuZW4tc3RyZWliLmRlXC93ZWJcL3dwLWNvbnRlbnRcL3VwbG9hZHNcLzIwMjVcLzA4XC8yMjIyMjItMS5qcGcifQ%3D%3D\">\n\t\t\t\t\t\t\t<img decoding=\"async\" width=\"1024\" height=\"531\" src=\"https:\/\/www.planen-streib.de\/web\/wp-content\/uploads\/2025\/08\/222222-1-1024x531.jpg\" class=\"attachment-large size-large wp-image-4778\" alt=\"\" srcset=\"https:\/\/www.planen-streib.de\/web\/wp-content\/uploads\/2025\/08\/222222-1-1024x531.jpg 1024w, https:\/\/www.planen-streib.de\/web\/wp-content\/uploads\/2025\/08\/222222-1-300x156.jpg 300w, https:\/\/www.planen-streib.de\/web\/wp-content\/uploads\/2025\/08\/222222-1-768x398.jpg 768w, https:\/\/www.planen-streib.de\/web\/wp-content\/uploads\/2025\/08\/222222-1-600x311.jpg 600w, https:\/\/www.planen-streib.de\/web\/wp-content\/uploads\/2025\/08\/222222-1.jpg 1039w\" sizes=\"(max-width: 1024px) 100vw, 1024px\" \/>\t\t\t\t\t\t\t\t<\/a>\n\t\t\t\t\t\t\t\t\t\t\t\t\t\t\t<\/div>\n\t\t\t\t<\/div>\n\t\t\t\t\t<\/div>\n\t\t<\/div>\n\t\t\t\t\t<\/div>\n\t\t<\/section>\n\t\t\t\t<section class=\"elementor-section elementor-top-section elementor-element elementor-element-87b4371 elementor-section-boxed elementor-section-height-default elementor-section-height-default\" data-id=\"87b4371\" data-element_type=\"section\" data-e-type=\"section\">\n\t\t\t\t\t\t<div class=\"elementor-container elementor-column-gap-default\">\n\t\t\t\t\t<div class=\"elementor-column elementor-col-50 elementor-top-column elementor-element elementor-element-3c21faf\" data-id=\"3c21faf\" data-element_type=\"column\" data-e-type=\"column\">\n\t\t\t<div class=\"elementor-widget-wrap elementor-element-populated\">\n\t\t\t\t\t\t<div class=\"elementor-element elementor-element-5fbf71c elementor-widget elementor-widget-text-editor\" data-id=\"5fbf71c\" data-element_type=\"widget\" data-e-type=\"widget\" data-widget_type=\"text-editor.default\">\n\t\t\t\t<div class=\"elementor-widget-container\">\n\t\t\t\t\t\t\t\t\t<h2><small>Erh\u00e4ltlich<\/small><strong><small> mit Aufbauh\u00f6hen von 140 cm (Kabinenh\u00f6he) bis zu 240 cm<\/small><\/strong><\/h2><div><b>\u00a0Die Plane:<\/b><\/div><div><ul><li>bestehend aus hochwertigem PVC-Complan Hochglanz 670 g\/m\u00b2<\/li><li><span style=\"font-size: 14px; color: var( --e-global-color-text );\">Kette &amp; Schuss ca. 3000 N \/ 5 cm<\/span><\/li><li>Weiterrei\u00dffestigkeit: Kette &amp; Schuss 300 N<\/li><li>Plane an den Ecken und Auflagepunkten verst\u00e4rkt<\/li><li>Plane mit wei\u00dfer Lichtbahn im Dach<\/li><li>Plane mit Abspannvorrichtung vorn (verhindert schlagen gegen die Fahrerkabine)<\/li><li>Plane mit manuellen Aufrollriemen an der Heckplane<\/li><li>Verschl\u00fcsse waagrecht: Aluminium-Schieberiegel oder nach Wahl<\/li><li>Verschl\u00fcsse senkrecht: Schleuder-\/Lassoverschluss oder nach Wahl<\/li><\/ul><div style=\"font-variant-ligatures: normal; font-variant-caps: normal; font-family: Roboto, sans-serif; font-size: 14px; font-style: normal; font-weight: 400;\"><span style=\"font-size: 14px; font-weight: bold;\">Das Planengestell:<\/span><\/div><div style=\"font-variant-ligatures: normal; font-variant-caps: normal; font-family: Roboto, sans-serif; font-size: 14px; font-style: normal;\"><ul style=\"font-weight: 400; font-size: 14px;\"><li style=\"font-size: 14px;\">bestehend aus 4 Binderf\u00fc\u00dfen, 2 Binder-Oberteilen und 5 Rohrpfetten<\/li><li style=\"font-size: 14px;\"><span style=\"font-size: 14px; color: var( --e-global-color-text );\">Binderf\u00fc\u00dfe abgekr\u00f6pft f\u00fcr einen perfekten Sitz und geringen Verschlei\u00df der Plane<\/span><\/li><li style=\"font-size: 14px;\">Planengestell dauerhaft korrosionsgesch\u00fctzt<\/li><\/ul><div><div style=\"font-weight: 400; font-variant-ligatures: normal; font-variant-caps: normal; font-family: Roboto, sans-serif; font-size: 14px; font-style: normal;\">\u00a0<\/div><div style=\"font-weight: 400; font-variant-ligatures: normal; font-variant-caps: normal; font-family: Roboto, sans-serif; font-size: 14px; font-style: normal;\">\u00a0<\/div><\/div><\/div><\/div>\t\t\t\t\t\t\t\t<\/div>\n\t\t\t\t<\/div>\n\t\t\t\t\t<\/div>\n\t\t<\/div>\n\t\t\t\t<div class=\"elementor-column elementor-col-50 elementor-top-column elementor-element elementor-element-029a04c\" data-id=\"029a04c\" data-element_type=\"column\" data-e-type=\"column\">\n\t\t\t<div class=\"elementor-widget-wrap elementor-element-populated\">\n\t\t\t\t\t\t<section class=\"elementor-section elementor-inner-section elementor-element elementor-element-c987c6d elementor-section-boxed elementor-section-height-default elementor-section-height-default\" data-id=\"c987c6d\" data-element_type=\"section\" data-e-type=\"section\">\n\t\t\t\t\t\t<div class=\"elementor-container elementor-column-gap-default\">\n\t\t\t\t\t<div class=\"elementor-column elementor-col-100 elementor-inner-column elementor-element elementor-element-dec3fb8\" data-id=\"dec3fb8\" data-element_type=\"column\" data-e-type=\"column\">\n\t\t\t<div class=\"elementor-widget-wrap elementor-element-populated\">\n\t\t\t\t\t\t<div class=\"elementor-element elementor-element-e85a230 elementor-widget elementor-widget-text-editor\" data-id=\"e85a230\" data-element_type=\"widget\" data-e-type=\"widget\" data-widget_type=\"text-editor.default\">\n\t\t\t\t<div class=\"elementor-widget-container\">\n\t\t\t\t\t\t\t\t\t<h2><span style=\"font-family: Roboto, sans-serif; font-style: normal; font-variant-ligatures: normal; font-variant-caps: normal; font-size: 14px; color: var( --e-global-color-text ); font-weight: bold;\"><br \/>Sonderausstattung \/ Zubeh\u00f6r: <\/span><span style=\"font-family: Roboto, sans-serif; font-style: normal; font-variant-ligatures: normal; font-variant-caps: normal; font-size: 14px; color: var( --e-global-color-text ); font-weight: bold;\"><a href=\"https:\/\/www.planen-streib.de\/web\/index.php\/sonderausstattungen\/\">Bilder<\/a><\/span><\/h2><div><div style=\"font-variant-ligatures: normal; font-variant-caps: normal; font-family: Roboto, sans-serif; font-size: 14px; font-style: normal;\"><div><div style=\"font-weight: 400; font-variant-ligatures: normal; font-variant-caps: normal; font-family: Roboto, sans-serif; font-size: 14px; font-style: normal;\"><ul style=\"font-size: 14px;\"><li style=\"font-size: 14px;\">R\u00fcckblickfenster im Vordergiebel<\/li><li style=\"font-size: 14px;\"><span style=\"font-size: 14px; color: var( --e-global-color-text );\">Planenseitenteile mit Hochrollriemen<\/span><\/li><li style=\"font-size: 14px;\"><span style=\"font-size: 14px; color: var( --e-global-color-text );\">Ladeklappe \/ Ladeluke im Vordergiebel<\/span><\/li><li style=\"font-size: 14px;\"><span style=\"font-size: 14px; color: var( --e-global-color-text );\">Schiebeplane \/ Vorhangausf\u00fchrung<\/span><\/li><li style=\"font-size: 14px;\"><span style=\"font-size: 14px; color: var( --e-global-color-text );\">Heckplane mit\u00a0 Rollo \/ 3 Hochrollfedern<\/span><\/li><li style=\"font-size: 14px;\"><span style=\"font-size: 14px; color: var( --e-global-color-text );\">Planendruck \/ Latexdruck<\/span><\/li><li style=\"font-size: 14px;\">Aufsteckbretter mit Einstecktaschen ringsum<\/li><li style=\"font-size: 14px;\">Rechenaufs\u00e4tze \/ Langmaterialtr\u00e4ger vorn und hinten<\/li><li style=\"font-size: 14px;\">3-D Dachspoiler in Farbe wei\u00df oder in Fahrzeugfarbe lackiert<\/li><li style=\"font-size: 14px;\">Kunststoff-Staukasten unter der Pritsche (abschlie\u00dfbar)<\/li><li style=\"font-size: 14px;\">R\u00fcckfahrkamera oben am Aufbau oder unter der Pritsche<\/li><li style=\"font-size: 14px;\">LED-Ladefl\u00e4chenbeleuchtung (Lichtband) im Planenaufbau<\/li><li style=\"font-size: 14px;\">LED-Rundumkennleuchte auf dem Aufbau oder Fahrerkabine<\/li><\/ul><\/div><\/div><\/div><\/div>\t\t\t\t\t\t\t\t<\/div>\n\t\t\t\t<\/div>\n\t\t\t\t<div class=\"elementor-element elementor-element-be4c084 elementor-align-center elementor-widget elementor-widget-button\" data-id=\"be4c084\" data-element_type=\"widget\" data-e-type=\"widget\" data-widget_type=\"button.default\">\n\t\t\t\t<div class=\"elementor-widget-container\">\n\t\t\t\t\t\t\t\t\t<div class=\"elementor-button-wrapper\">\n\t\t\t\t\t<a class=\"elementor-button elementor-button-link elementor-size-xl\" href=\"https:\/\/forms.office.com\/Pages\/ResponsePage.aspx?id=EvmW_6ncE0uNigNdFkfWMTjnFHk5gYZBmylnARM2Zl9UQ0g0RTJQN0w5VzgyOEJKTDZQVzJQVERaNy4u\">\n\t\t\t\t\t\t<span class=\"elementor-button-content-wrapper\">\n\t\t\t\t\t\t\t\t\t<span class=\"elementor-button-text\">Anfrageformular Planenaufbau Master Pritschenwagen <\/span>\n\t\t\t\t\t<\/span>\n\t\t\t\t\t<\/a>\n\t\t\t\t<\/div>\n\t\t\t\t\t\t\t\t<\/div>\n\t\t\t\t<\/div>\n\t\t\t\t\t<\/div>\n\t\t<\/div>\n\t\t\t\t\t<\/div>\n\t\t<\/section>\n\t\t\t\t\t<\/div>\n\t\t<\/div>\n\t\t\t\t\t<\/div>\n\t\t<\/section>\n\t\t\t\t<section class=\"elementor-section elementor-top-section elementor-element elementor-element-e26e6c7 elementor-section-boxed elementor-section-height-default elementor-section-height-default\" data-id=\"e26e6c7\" data-element_type=\"section\" data-e-type=\"section\">\n\t\t\t\t\t\t<div class=\"elementor-container elementor-column-gap-default\">\n\t\t\t\t\t<div class=\"elementor-column elementor-col-100 elementor-top-column elementor-element elementor-element-26c7665\" data-id=\"26c7665\" data-element_type=\"column\" data-e-type=\"column\">\n\t\t\t<div class=\"elementor-widget-wrap elementor-element-populated\">\n\t\t\t\t\t\t<div class=\"elementor-element elementor-element-77a9d96 elementor-widget elementor-widget-gallery\" data-id=\"77a9d96\" data-element_type=\"widget\" data-e-type=\"widget\" data-settings=\"{&quot;lazyload&quot;:&quot;yes&quot;,&quot;gallery_layout&quot;:&quot;grid&quot;,&quot;columns&quot;:4,&quot;columns_tablet&quot;:2,&quot;columns_mobile&quot;:1,&quot;gap&quot;:{&quot;unit&quot;:&quot;px&quot;,&quot;size&quot;:10,&quot;sizes&quot;:[]},&quot;gap_tablet&quot;:{&quot;unit&quot;:&quot;px&quot;,&quot;size&quot;:10,&quot;sizes&quot;:[]},&quot;gap_mobile&quot;:{&quot;unit&quot;:&quot;px&quot;,&quot;size&quot;:10,&quot;sizes&quot;:[]},&quot;link_to&quot;:&quot;file&quot;,&quot;aspect_ratio&quot;:&quot;3:2&quot;,&quot;overlay_background&quot;:&quot;yes&quot;,&quot;content_hover_animation&quot;:&quot;fade-in&quot;}\" data-widget_type=\"gallery.default\">\n\t\t\t\t<div class=\"elementor-widget-container\">\n\t\t\t\t\t\t\t<div class=\"elementor-gallery__container\">\n\t\t\t\t\t\t\t<a class=\"e-gallery-item elementor-gallery-item elementor-animated-content\" href=\"https:\/\/www.planen-streib.de\/web\/wp-content\/uploads\/2025\/08\/LH-Mitte-200-cm-scaled.jpg\" data-elementor-open-lightbox=\"yes\" data-elementor-lightbox-slideshow=\"77a9d96\" data-e-action-hash=\"#elementor-action%3Aaction%3Dlightbox%26settings%3DeyJpZCI6NDc1NiwidXJsIjoiaHR0cHM6XC9cL3d3dy5wbGFuZW4tc3RyZWliLmRlXC93ZWJcL3dwLWNvbnRlbnRcL3VwbG9hZHNcLzIwMjVcLzA4XC9MSC1NaXR0ZS0yMDAtY20tc2NhbGVkLmpwZyIsInNsaWRlc2hvdyI6Ijc3YTlkOTYifQ%3D%3D\">\n\t\t\t\t\t<div class=\"e-gallery-image elementor-gallery-item__image\" data-thumbnail=\"https:\/\/www.planen-streib.de\/web\/wp-content\/uploads\/2025\/08\/LH-Mitte-200-cm-300x225.jpg\" data-width=\"300\" data-height=\"225\" aria-label=\"\" role=\"img\" ><\/div>\n\t\t\t\t\t\t\t\t\t\t\t<div class=\"elementor-gallery-item__overlay\"><\/div>\n\t\t\t\t\t\t\t\t\t\t\t\t\t\t<\/a>\n\t\t\t\t\t\t\t<a class=\"e-gallery-item elementor-gallery-item elementor-animated-content\" href=\"https:\/\/www.planen-streib.de\/web\/wp-content\/uploads\/2023\/11\/IMG_3137-scaled.jpeg\" data-elementor-open-lightbox=\"yes\" data-elementor-lightbox-slideshow=\"77a9d96\" data-e-action-hash=\"#elementor-action%3Aaction%3Dlightbox%26settings%3DeyJpZCI6MzAwNiwidXJsIjoiaHR0cHM6XC9cL3d3dy5wbGFuZW4tc3RyZWliLmRlXC93ZWJcL3dwLWNvbnRlbnRcL3VwbG9hZHNcLzIwMjNcLzExXC9JTUdfMzEzNy1zY2FsZWQuanBlZyIsInNsaWRlc2hvdyI6Ijc3YTlkOTYifQ%3D%3D\">\n\t\t\t\t\t<div class=\"e-gallery-image elementor-gallery-item__image\" data-thumbnail=\"https:\/\/www.planen-streib.de\/web\/wp-content\/uploads\/2023\/11\/IMG_3137-300x225.jpeg\" data-width=\"300\" data-height=\"225\" aria-label=\"\" role=\"img\" ><\/div>\n\t\t\t\t\t\t\t\t\t\t\t<div class=\"elementor-gallery-item__overlay\"><\/div>\n\t\t\t\t\t\t\t\t\t\t\t\t\t\t<\/a>\n\t\t\t\t\t\t\t<a class=\"e-gallery-item elementor-gallery-item elementor-animated-content\" href=\"https:\/\/www.planen-streib.de\/web\/wp-content\/uploads\/2023\/11\/IMG_1330.jpeg\" data-elementor-open-lightbox=\"yes\" data-elementor-lightbox-slideshow=\"77a9d96\" data-e-action-hash=\"#elementor-action%3Aaction%3Dlightbox%26settings%3DeyJpZCI6MzAwOCwidXJsIjoiaHR0cHM6XC9cL3d3dy5wbGFuZW4tc3RyZWliLmRlXC93ZWJcL3dwLWNvbnRlbnRcL3VwbG9hZHNcLzIwMjNcLzExXC9JTUdfMTMzMC5qcGVnIiwic2xpZGVzaG93IjoiNzdhOWQ5NiJ9\">\n\t\t\t\t\t<div class=\"e-gallery-image elementor-gallery-item__image\" data-thumbnail=\"https:\/\/www.planen-streib.de\/web\/wp-content\/uploads\/2023\/11\/IMG_1330-300x225.jpeg\" data-width=\"300\" data-height=\"225\" aria-label=\"\" role=\"img\" ><\/div>\n\t\t\t\t\t\t\t\t\t\t\t<div class=\"elementor-gallery-item__overlay\"><\/div>\n\t\t\t\t\t\t\t\t\t\t\t\t\t\t<\/a>\n\t\t\t\t\t\t\t<a class=\"e-gallery-item elementor-gallery-item elementor-animated-content\" href=\"https:\/\/www.planen-streib.de\/web\/wp-content\/uploads\/2023\/11\/IMG_8487-scaled.jpeg\" data-elementor-open-lightbox=\"yes\" data-elementor-lightbox-slideshow=\"77a9d96\" data-e-action-hash=\"#elementor-action%3Aaction%3Dlightbox%26settings%3DeyJpZCI6MzAwOSwidXJsIjoiaHR0cHM6XC9cL3d3dy5wbGFuZW4tc3RyZWliLmRlXC93ZWJcL3dwLWNvbnRlbnRcL3VwbG9hZHNcLzIwMjNcLzExXC9JTUdfODQ4Ny1zY2FsZWQuanBlZyIsInNsaWRlc2hvdyI6Ijc3YTlkOTYifQ%3D%3D\">\n\t\t\t\t\t<div class=\"e-gallery-image elementor-gallery-item__image\" data-thumbnail=\"https:\/\/www.planen-streib.de\/web\/wp-content\/uploads\/2023\/11\/IMG_8487-300x225.jpeg\" data-width=\"300\" data-height=\"225\" aria-label=\"\" role=\"img\" ><\/div>\n\t\t\t\t\t\t\t\t\t\t\t<div class=\"elementor-gallery-item__overlay\"><\/div>\n\t\t\t\t\t\t\t\t\t\t\t\t\t\t<\/a>\n\t\t\t\t\t<\/div>\n\t\t\t\t\t<\/div>\n\t\t\t\t<\/div>\n\t\t\t\t\t<\/div>\n\t\t<\/div>\n\t\t\t\t\t<\/div>\n\t\t<\/section>\n\t\t\t\t<\/div>\n\t\t","protected":false},"excerpt":{"rendered":"<p>Unsere Planenaufbauten f\u00fcr den Renault Master Pritschenwagen Erh\u00e4ltlich mit Aufbauh\u00f6hen von 140 cm (Kabinenh\u00f6he) bis zu 240 cm \u00a0Die Plane: bestehend aus hochwertigem PVC-Complan Hochglanz 670 g\/m\u00b2 Kette &amp; Schuss ca. 3000 N \/ 5 cm Weiterrei\u00dffestigkeit: Kette &amp; Schuss 300 N Plane an den Ecken und Auflagepunkten verst\u00e4rkt Plane mit wei\u00dfer Lichtbahn im Dach [&hellip;]<\/p>\n","protected":false},"author":1,"featured_media":0,"parent":687,"menu_order":0,"comment_status":"closed","ping_status":"closed","template":"elementor_header_footer","meta":{"footnotes":""},"class_list":["post-1377","page","type-page","status-publish","hentry","entry","owp-thumbs-layout-horizontal","owp-btn-normal","owp-tabs-layout-horizontal","has-no-thumbnails","has-product-nav"],"_links":{"self":[{"href":"https:\/\/www.planen-streib.de\/web\/index.php\/wp-json\/wp\/v2\/pages\/1377","targetHints":{"allow":["GET"]}}],"collection":[{"href":"https:\/\/www.planen-streib.de\/web\/index.php\/wp-json\/wp\/v2\/pages"}],"about":[{"href":"https:\/\/www.planen-streib.de\/web\/index.php\/wp-json\/wp\/v2\/types\/page"}],"author":[{"embeddable":true,"href":"https:\/\/www.planen-streib.de\/web\/index.php\/wp-json\/wp\/v2\/users\/1"}],"replies":[{"embeddable":true,"href":"https:\/\/www.planen-streib.de\/web\/index.php\/wp-json\/wp\/v2\/comments?post=1377"}],"version-history":[{"count":19,"href":"https:\/\/www.planen-streib.de\/web\/index.php\/wp-json\/wp\/v2\/pages\/1377\/revisions"}],"predecessor-version":[{"id":4781,"href":"https:\/\/www.planen-streib.de\/web\/index.php\/wp-json\/wp\/v2\/pages\/1377\/revisions\/4781"}],"up":[{"embeddable":true,"href":"https:\/\/www.planen-streib.de\/web\/index.php\/wp-json\/wp\/v2\/pages\/687"}],"wp:attachment":[{"href":"https:\/\/www.planen-streib.de\/web\/index.php\/wp-json\/wp\/v2\/media?parent=1377"}],"curies":[{"name":"wp","href":"https:\/\/api.w.org\/{rel}","templated":true}]}}